3
List the prime factors of 3210019.
31, 103549
List the prime factors of 1060570.
2, 5, 7, 109, 139
List the prime factors of 22136869.
22136869
List the prime factors of 20032961.
13, 1540997
List the prime factors of 3253900.
2, 5, 13, 2503
List the prime factors of 12443988.
2, 3, 37, 28027
What are the prime factors of 2964770?
2, 5, 296477
List the prime factors of 293961.
3, 97987
What are the prime factors of 1243880?
2, 5, 11, 257
What are the prime factors of 122177?
11, 29, 383
List the prime factors of 2380208.
2, 148763
What are the prime factors of 247584?
2, 3, 2579
List the prime factors of 2336669.
491, 4759
List the prime factors of 4938.
2, 3, 823
List the prime factors of 259974.
2, 3, 11, 13, 101
List the prime factors of 2454494.
2, 7, 17, 10313
List the prime factors of 1033762.
2, 149, 3469
What are the prime factors of 774336?
2, 3, 37, 109
What are the prime factors of 593713?
61, 9733
List the prime factors of 5829445.
5, 1165889
What are the prime factors of 9275559?
3, 3091853
List the prime factors of 18412840.
2, 5, 569, 809
What are the prime factors of 1136423?
29, 149, 263
What are the prime factors of 1846571?
1846571
What are the prime factors of 227430?
2, 3, 5, 7, 19
List the prime factors of 24681.
3, 19, 433
List the prime factors of 372953.
7, 53279
List the prime factors of 988385.
5, 197677
List the prime factors of 8315886.
2, 3, 61, 22721
List the prime factors of 138116.
2, 11, 43, 73
What are the prime factors of 8730212?
2, 41, 53233
What are the prime factors of 572564?
2, 143141
What are the prime factors of 211751?
37, 59, 97
List the prime factors of 2093365.
5, 29, 14437
What are the prime factors of 208083?
3, 139, 499
What are the prime factors of 3576645?
3, 5, 79481
What are the prime factors of 26880?
2, 3, 5, 7
List the prime factors of 253162.
2, 7, 13, 107
List the prime factors of 11528127.
3, 13, 37, 2663
List the prime factors of 5878929.
3, 7, 279949
What are the prime factors of 4429288?
2, 461, 1201
List the prime factors of 21070807.
751, 28057
What are the prime factors of 3626170?
2, 5, 113, 3209
List the prime factors of 99824.
2, 17, 367
List the prime factors of 110184.
2, 3, 4591
List the prime factors of 4769284.
2, 13, 41, 2237
What are the prime factors of 2706336?
2, 3, 9397
List the prime factors of 27174779.
27174779
List the prime factors of 5522886.
2, 3, 306827
List the prime factors of 14293673.
43, 332411
List the prime factors of 734067.
3, 81563
What are the prime factors of 9199261?
17, 541133
List the prime factors of 439826.
2, 47, 4679
What are the prime factors of 1534220?
2, 5, 41, 1871
What are the prime factors of 184625?
5, 7, 211
List the prime factors of 8617213.
11, 109, 7187
What are the prime factors of 1065899?
1065899
List the prime factors of 4335019.
13, 113, 227
What are the prime factors of 140763?
3, 7, 6703
What are the prime factors of 1501207?
1501207
List the prime factors of 7035177.
3, 71, 33029
What are the prime factors of 3192144?
2, 3, 73, 911
What are the prime factors of 11223433?
13, 19, 45439
List the prime factors of 618048.
2, 3, 29, 37
List the prime factors of 3505053.
3, 1168351
List the prime factors of 122360.
2, 5, 7, 19, 23
What are the prime factors of 458866?
2, 229433
List the prime factors of 617908.
2, 179, 863
What are the prime factors of 535345?
5, 107069
What are the prime factors of 284057?
284057
What are the prime factors of 6334185?
3, 5, 11, 13, 2953
List the prime factors of 288905.
5, 57781
What are the prime factors of 4318996?
2, 11, 103, 953
What are the prime factors of 245074?
2, 181, 677
List the prime factors of 12888472.
2, 1611059
What are the prime factors of 230130?
2, 3, 5, 2557
List the prime factors of 296031.
3, 101, 977
List the prime factors of 4544937.
3, 168331
List the prime factors of 141227.
19, 7433
What are the prime factors of 265900?
2, 5, 2659
List the prime factors of 2532260.
2, 5, 126613
What are the prime factors of 5838976?
2, 11, 13, 29
List the prime factors of 1187888.
2, 13, 5711
List the prime factors of 6783941.
29, 449, 521
What are the prime factors of 72635?
5, 73, 199
What are the prime factors of 506595?
3, 5, 33773
What are the prime factors of 395972?
2, 98993
What are the prime factors of 466352?
2, 29147
List the prime factors of 12270444.
2, 3, 113, 9049
List the prime factors of 75094.
2, 37547
What are the prime factors of 162323?
7, 23189
What are the prime factors of 376524?
2, 3, 10459
What are the prime factors of 148211?
7, 31, 683
List the prime factors of 40443066.
2, 3, 433, 5189
What are the prime factors of 2578740?
2, 3, 5, 42979
List the prime factors of 1137456.
2, 3, 2633
What are the prime factors of 17791923?
3, 19, 31, 10069
List the prime factors of 42376.
2, 5297
What are the prime factors of 4271415?
3, 5, 163, 1747
What are the prime factors of 1418119?
1418119
List the prime factors of 3391252.
2, 847813
What are the prime factors of 103343?
17, 6079
What are the prime factors of 440921?
13, 2609
List the prime factors of 496451.
17, 19, 29, 53
What are the prime factors of 9591529?
23, 417023
What are the prime factors of 11095993?
2707, 4099
What are the prime factors of 192216?
2, 3, 8009
List the prime factors of 7537917.
3, 2512639
List the prime factors of 74108.
2, 97, 191
What are the prime factors of 6517135?
5, 1303427
What are the prime factors of 181952?
2, 2843
List the prime factors of 250900.
2, 5, 13, 193
What are the prime factors of 44342?
2, 22171
What are the prime factors of 1358802?
2, 3, 25163
What are the prime factors of 196955?
5, 11, 3581
What are the prime factors of 257629?
241, 1069
List the prime factors of 56013.
3, 18671
List the prime factors of 1922501.
7, 23, 11941
List the prime factors of 95444.
2, 107, 223
What are the prime factors of 205290?
2, 3, 5, 2281
List the prime factors of 114166.
2, 13, 4391
List the prime factors of 731944.
2, 91493
List the prime factors of 10895319.
3, 227, 5333
What are the prime factors of 3759271?
89, 42239
List the prime factors of 1365358.
2, 682679
List the prime factors of 11344056.
2, 3, 472669
What are the prime factors of 946646?
2, 503, 941
List the prime factors of 4711115.
5, 942223
What are the prime factors of 1080890?
2, 5, 108089
What are the prime factors of 1765894?
2, 13, 23, 2953
List the prime factors of 2290276.
2, 101, 5669
What are the prime factors of 611715?
3, 5, 13, 3137
What are the prime factors of 144726?
2, 3, 24121
What are the prime factors of 515470?
2, 5, 19, 2713
List the prime factors of 2554964.
2, 17, 37573
List the prime factors of 24363564.
2, 3, 347, 5851
List the prime factors of 5394804.
2, 3, 449567
What are the prime factors of 4895395?
5, 149, 6571
List the prime factors of 138826.
2, 41, 1693
What are the prime factors of 2732667?
3, 7, 130127
What are the prime factors of 1225554?
2, 3, 11, 31, 599
What are the prime factors of 885582?
2, 3, 49199
List the prime factors of 597991.
89, 6719
List the prime factors of 706319.
61, 11579
List the prime factors of 54437.
54437
List the prime factors of 7395560.
2, 5, 19, 37, 263
List the prime factors of 659093.
71, 9283
List the prime factors of 442212.
2, 3, 43, 857
List the prime factors of 1576440.
2, 3, 5, 29, 151
List the prime factors of 403071.
3, 29, 41, 113
What are the prime factors of 597581?
597581
What are the prime factors of 586928?
2, 36683
What are the prime factors of 24338621?
47, 59, 67, 131
List the prime factors of 3857758.
2, 73, 26423
What are the prime factors of 21878645?
5, 4375729
List the prime factors of 134396.
2, 33599
What are the prime factors of 890732?
2, 17, 13099
List the prime factors of 15188616.
2, 3, 17, 12409
What are the prime factors of 2864759?
499, 5741
What are the prime factors of 4540774?
2, 7, 324341
List the prime factors of 331388.
2, 82847
List the prime factors of 12365.
5, 2473
List the prime factors of 17388319.
13, 1337563
What are the prime factors of 414983?
61, 6803
List the prime factors of 928947.
3, 23, 13463
What are the prime factors of 162366?
2, 3, 27061
List the prime factors of 11013878.
2, 5506939
List the prime factors of 53229.
3, 11, 1613
What are the prime factors of 255504?
2, 3, 5323
